base 4) to base 10
-150
-171 (base 9) to base 5
-1040
-11 (base 8) to base 6
-13
15 (base 7) to base 8
14
4 (base 8) to base 16
4
-343 (base 5) to base 2
-1100010
-1 (base 7) to base 6
-1
Convert -22 (base 4) to base 10.
-10
What is 4 (base 14) in base 8?
4
What is -4 (base 5) in base 15?
-4
Convert -52 (base 7) to base 5.
-122
What is -10 (base 9) in base 6?
-13
-22 (base 8) to base 2
-10010
3 (base 12) to base 2
11
Convert 9 (base 16) to base 12.
9
8 (base 10) to base 14
8
Convert 3 (base 15) to base 3.
10
-5 (base 15) to base 14
-5
Convert 5 (base 11) to base 7.
5
What is -1000 (base 2) in base 16?
-8
What is -110 (base 5) in base 11?
-28
What is 4 (base 7) in base 4?
10
What is -34 (base 5) in base 4?
-103
1 (base 13) to base 2
1
Convert 0 (base 10) to base 16.
0
What is 217 (base 9) in base 13?
109
What is 236 (base 7) in base 6?
325
11 (base 8) to base 4
21
What is -50 (base 7) in base 13?
-29
What is 20 (base 3) in base 7?
6
-1030 (base 4) to base 8
-114
20 (base 5) to base 9
11
What is 227 (base 10) in base 15?
102
Convert -104 (base 6) to base 3.
-1111
Convert -23 (base 4) to base 12.
-b
Convert -23 (base 10) to base 14.
-19
-309 (base 10) to base 12
-219
What is -101 (base 4) in base 15?
-12
Convert 14 (base 12) to base 15.
11
Convert -11 (base 10) to base 16.
-b
Convert -172 (base 14) to base 5.
-2141
What is 0 (base 6) in base 10?
0
What is -2 (base 11) in base 3?
-2
100 (base 2) to base 7
4
Convert 53 (base 10) to base 8.
65
What is -1101 (base 2) in base 10?
-13
What is 0 (base 13) in base 4?
0
What is 21 (base 8) in base 14?
13
Convert -100011 (base 2) to base 3.
-1022
12 (base 10) to base 4
30
What is 33 (base 4) in base 3?
120
What is 81 (base 9) in base 6?
201
Convert -288 (base 9) to base 11.
-200
Convert -ce (base 15) to base 11.
-167
Convert 2201 (base 3) to base 8.
111
7 (base 12) to base 13
7
Convert 23 (base 4) to base 11.
10
What is -20 (base 3) in base 7?
-6
-130 (base 8) to base 15
-5d
1000000 (base 2) to base 10
64
Convert 2102 (base 5) to base 14.
15b
-10 (base 10) to base 14
-a
What is 12 (base 16) in base 11?
17
1000000 (base 2) to base 5
224
36 (base 12) to base 15
2c
Convert 12 (base 7) to base 13.
9
What is -4 (base 14) in base 6?
-4
-541 (base 6) to base 10
-205
-8 (base 15) to base 7
-11
Convert -35 (base 13) to base 10.
-44
Convert -13 (base 4) to base 6.
-11
8 (base 15) to base 2
1000
Convert a (base 13) to base 3.
101
What is 2 (base 14) in base 13?
2
Convert -102 (base 5) to base 12.
-23
Convert 111 (base 2) to base 13.
7
What is -2033 (base 4) in base 12?
-bb
-3 (base 10) to base 5
-3
Convert -176 (base 14) to base 15.
-150
What is 232 (base 4) in base 2?
101110
Convert 24 (base 5) to base 9.
15
Convert 12 (base 5) to base 2.
111
Convert 332 (base 4) to base 8.
76
0 (base 14) to base 4
0
Convert -4 (base 6) to base 16.
-4
What is 3 (base 6) in base 10?
3
Convert -3 (base 6) to base 11.
-3
What is -1 (base 6) in base 7?
-1
-4 (base 10) to base 3
-11
Convert 7 (base 11) to base 9.
7
-22 (base 3) to base 5
-13
What is 21 (base 13) in base 5?
102
Convert -43 (base 5) to base 2.
-10111
Convert 2 (base 7) to base 12.
2
What is 4 (base 13) in base 11?
4
11 (base 2) to base 16
3
-a (base 11) to base 2
-1010
Convert -2 (base 9) to base 6.
-2
Convert 29 (base 11) to base 2.
11111
Convert -11 (base 5) to base 16.
-6
Convert -11 (base 13) to base 5.
-24
What is 10 (base 14) in base 6?
22
What is 7 (base 8) in base 6?
11
Convert -3 (base 8) to base 14.
-3
What is -11011000 (base 2) in base 14?
-116
Convert 2 (base 13) to base 11.
2
-22 (base 7) to base 6
-24
What is -10 (base 4) in base 6?
-4
Convert 4 (base 6) to base 9.
4
Convert -4 (base 13) to base 11.
-4
0 (base 9) to base 12
0
125 (base 6) to base 12
45
What is -162 (base 8) in base 3?
-11020
What is 332 (base 8) in base 14?
118
Convert -1434 (base 5) to base 7.
-466
1033 (base 4) to base 10
79
Convert 131 (base 6) to base 7.
106
What is 1002 (base 3) in base 15?
1e
Convert 4 (base 5) to base 14.
4
What is 1c (base 13) in base 11?
23
Convert 4 (base 8) to base 12.
4
What is 0 (base 12) in base 2?
0
What is 9a (base 16) in base 15?
a4
What is -d0 (base 14) in base 5?
-1212
Convert -1 (base 4) to base 2.
-1
Convert -6 (base 7) to base 13.
-6
-8 (base 13) to base 8
-10
Convert -420 (base 5) to base 7.
-215
Convert 2 (base 16) to base 8.
2
Convert 145 (base 6) to base 15.
45
What is 212 (base 4) in base 8?
46
What is 115 (base 8) in base 14?
57
Convert 1100 (base 2) to base 16.
c
23 (base 7) to base 16
11
Convert 13 (base 14) to base 9.
18
1d (base 15) to base 14
20
What is 4 (base 5) in base 7?
4
-40 (base 5) to base 14
-16
Convert -15 (base 14) to base 8.
-23
Convert 4 (base 16) to base 10.
4
-12 (base 14) to base 8
-20
What is -53 (base 13) in base 11?
-62
-1 (base 7) to base 3
-1
What is 11100 (base 2) in base 9?
31
3 (base 14) to base 10
3
101010 (base 2) to base 13
33
Convert 6 (base 9) to base 10.
6
Convert 6 (base 10) to base 14.
6
What is -6 (base 13) in base 9?
-6
Convert 6 (base 10) to base 6.
10
What is 74 (base 15) in base 6?
301
-111 (base 11) to base 13
-a3
What is 1100 (base 2) in base 10?
12
Convert 0 (base 11) to base 14.
0
What is -2 (base 13) in base 14?
-2
Convert 6a (base 11) to base 14.
56
What is 6 (base 12) in base 6?
10
What is -16 (base 10) in base 7?
-22
What is -14 (base 7) in base 11?
-10
6 (base 7) to base 15
6
Convert 66 (base 12) to base 15.
53
58 (base 11) to base 14
47
Convert 45 (base 13) to base 15.
3c
What is 10 (base 9) in base 4?
21
Convert -111 (base 3) to base 2.
-1101
What is -13 (base 7) in base 12?
-a
Convert -450 (base 7) to base 5.
-1411
11 (base 7) to base 16
8
Convert -20 (base 4) to base 6.
-12
What is -76 (base 10) in base 3?
-2211
55 (base 16) to base 4
1111
What is -126 (base 14) in base 10?
-230
Convert -1 (base 5) to base 12.
-1
Convert -9 (base 11) to base 4.
-21
0 (base 7) to base 6
0
0 (base 16) to base 7
0
-43 (base 12) to base 16
-33
What is -1 (base 14) in base 2?
-1
Convert 10d (base 15) to base 13.
154
What is 2 (base 14) in base 9?
2
Convert -111 (base 2) to base 15.
-7
Convert -6 (base 13) to base 9.
-6
-c (base 14) to base 15
-c
13 (base 5) to base 7
11
Convert -25 (base 6) to base 16.
-11
What is 1 (base 8) in base 5?
1
Convert 5 (base 8) to base 5.
10
What is 23 (base 7) in base 2?
10001
What is 64 (base 11) in base 8?
106
What is -1 (base 14) in base 10?
-1
What is -7 (base 15) in base 7?
-10
What is 0 (base 6) in base 3?
0
Convert -22 (base 15) to base 2.
-100000
-156 (base 14) to base 13
-17c
What is -77 (base 10) in base 3?
-2212
-23 (base 7) to base 12
-15
What is 20100 (base 3) in base 10?
171
What is -12 (base 4) in base 13?
-6
What is 16 (base 12) in base 7?
24
What is -85 (base 9) in base 16?
-4d
2 (base 14) to base 16
2
What is 0 (base 3) in base 13?
0
Convert -22 (base 5) to base 11.
-11
Convert 11 (base 14) to base 7.
21
Convert -140 (base 5) to base 16.
-2d
Convert -2 (base 13) to base 15.
-2
-37 (base 12) to base 10
-43
What is 4 (base 9) in base 10?
4
7a (base 15) to base 5
430
-100 (base 2) to base 4
-10
Convert 0 (base 4) to base 10.
0
What is -1d (base 15) in base 2?
-11100
-a (base 16) to base 7
-13
Convert 103 (base 6) to base 2.
100111
What is 15 (base 6) in base 5?
21
What is -37 (base 15) in base 14?
-3a
Convert 41 (base 13) to base 15.
38
Convert -3 (base 13) to base 5.
-3
What is 2030 (base 5) in base 3?
100211
2 (base 4) to base 13
2
0 (base 16) to base 11
0
Convert 0 (base 13) to base 6.
0
What is 4 (base 5) in base 3?
11
Convert 13 (base 16) to base 3.
201
What is 26 (base 10) in base 2?
11010
What is -10212 (base 3) in base 9?
-125
Convert 0 (base 12) to base 7.
0
Convert 8 (base 14) to base 6.
12
What is -10022 (base 3) in base 12?
-75
What is -200 (base 3) in base 11?
-17
0 (base 3) to base 14
0
Convert 1d (base 15) to base 8.
34
Convert 12 (base 7) to base 2.
1001
-1201 (base 3) to base 4
-232
What is -322 (base 8) in base 15?
-e0
Convert 3 (base 8) to base 9.
3
Convert -6 (base 15) to base 6.
-10
What is -2a (base 15) in base 9?
-44
-11001 (base 3) to base 16
-6d
What is 11 (base 2) in base 7?
3
0 (base 16) to base 2
0
-22 (base 8) to base 9
-20
What is 222 (base 3) in base 6?
42
Convert -124 (base 9) to base 5.
-403
Convert 100 (base 7) to base 8.
61
Convert 